. Calculate the remainder when t is divided by 3.
1
Let g(d) = 8*d + 2. Let c = 20 - 18. Calculate the remainder when 71 is divided by g(c).
17
Suppose -3*k - b + 10 = 0, -10 = -k - 0*k + 3*b. Suppose 5*m = k*m + 6. Calculate the remainder when 14 is divided by m.
2
Suppose 0*a = -7*a - 21. Let s(q) be the second derivative of -q**3 + 2*q**2 - q. What is the remainder when s(a) is divided by 8?
6
Let k = 13 + -7. What is the remainder when (11/2)/(1/2) is divided by k?
5
Let b = 36 - 15. Calculate the remainder when 81 is divided by b.
18
Let a be (-4)/3 - 8/12. What is the remainder when 1/(-2)*8*a is divided by 5?
3
Calculate the remainder when (-4 + -1)/(2/(-4)) is divided by (-9 + 4)/(-15)*12.
2
Suppose -2*z + 110 = -2*x, -2*x - 125 = 3*z - 2*z. Let y(r) = 3*r - 9. Calculate the remainder when ((-4)/(-3))/((-8)/x) is divided by y(4).
1
Let w(p) = p**2 - 4*p + 2. Let h be w(3). Suppose -3*u + 5 + 58 = 0. What is the remainder when u is divided by 11 + 1 + (-2 - h)?
10
Let y(t) = -t**3 + 7*t**2 + 9*t - 1. Let b be y(8). Suppose 5*s = 4*s + b. What is the remainder when 11 is divided by s?
4
Suppose 0*p = p - 6. Let i = p + -1. What is the remainder when 14 is divided by i?
4
Suppose 0 = 15*v - 14*v - 21. What is the remainder when 60 is divided by v?
18
Suppose 4*o = -2*x + 186, -4*o = x - 7*o - 113. What is the remainder when x is divided by (-2 - -1 - -2)*34?
33
Suppose 3*n = -x + 10, 2*n + x - 3*x = 4. Suppose n = -0*b + b. Calculate the remainder when b*(3/9 - -1) is divided by 2.
0
Suppose -3*l + 0 = -r + 2, -r = 4*l - 2. Suppose 18 = r*j + 2*n, -41 = -5*j + 3*n + 28. Calculate the remainder when 22 is divided by j.
10
What is the remainder when 26 is divided by -2 + (-15 + 4)*-1?
8
Let k = 13 + -7. Calculate the remainder when 22 is divided by k.
4
Suppose 0 = 2*q + 5*x - 21, 2*q = -q - x + 12. Suppose -q = -d + 2*g, -g = -4*d - 4*g + 34. What is the remainder when 26 is divided by d?
5
Let x(l) = -l**3 - 2*l**2 - 2*l + 16. Let s(y) = -y + 5. What is the remainder when x(0) is divided by s(-4)?
7
Let l be (-226)/(-12) - (-1)/6. Let g = l + -12. Calculate the remainder when 27 is divided by g.
6
Suppose 5*c + 0 - 20 = 0. Suppose 12 = 4*u + c. Calculate the remainder when 4 is divided by u.
0
Suppose 7*k - 120 = 3*k. Calculate the remainder when k is divided by 16.
14
Let k be -12*(-3 - (-15)/6). Suppose k*y - y + 9 = 2*q, 3*q - 61 = -2*y. Calculate the remainder when 67 is divided by q.
16
Suppose -4*d + 2 + 2 = -k, 2*d + 5*k + 20 = 0. Suppose 3*m = 4*m - 2*r - 10, d = -4*m + 5*r + 34. Calculate the remainder when 22 is divided by m.
4
Suppose 5*d + 36 - 61 = 0. Calculate the remainder when 6 is divided by d.
1
Let g(i) = i**2 - i. Let x be g(0). Suppose 24 = 2*n - x. Calculate the remainder when 34 is divided by n.
10
Calculate the remainder when 27 is divided by 4/(-14) - (0 + 88/(-14)).
3
Let y = 31 - 15. What is the remainder when 60 is divided by y?
12
Let o = 27 - 20. What is the remainder when 24 is divided by o?
3
Suppose -m - 24 = 3*m. What is the remainder when 5/15 + (-58)/m is divided by (-4)/(-18) + (-104)/(-18)?
4
Let t = -2 - -15. Suppose 0*a - 4*a = -152. What is the remainder when a is divided by t?
12
Let g be (-2)/3 + (-80)/(-30). Suppose 3*t = g*t + 13. Calculate the remainder when 62 is divided by t.
10
Suppose 2*z = -2*z + 28. Let p be (-2)/3*(-6)/4. Let v = 19 + p. What is the remainder when v is divided by z?
6
Let a(s) = 2*s**2 - 6*s**2 + 2*s**2 + 6 + 3*s**2 + 6*s. Calculate the remainder when 17 is divided by a(-6).
5
Let c be (-2 + (-6)/(-4))*-10. Let a(r) = -r + 11. What is the remainder when (-2)/2 - (-7 - 5) is divided by a(c)?
5
Let m = -153 - -231. What is the remainder when m is divided by 20?
18
Let q = -20 - -34. Suppose 0 = 2*t - 29 - 49. What is the remainder when t is divided by q?
11
Let b(n) = 6*n - 8. Let p be b(2). Let r be 0 - 9/(2/2). Let c = p - r. What is the remainder when 25 is divided by c?
12
Let s = 49 + 0. Let j be 1/3*(2 + 13). Suppose 3*n - 7*n = -j*q - s, 5*n - 3*q = 58. What is the remainder when n is divided by 4?
3
Let y = 66 - 25. Let r(h) = h**2 + 6*h. Let g be r(-6). Suppose -42 = -g*s - 3*s. Calculate the remainder when y is divided by s.
13
Suppose 0 = 3*r + 2*r - 110. Suppose 211 = 5*k + v, -2*v + 86 = k + k. Calculate the remainder when k is divided by r.
20
Let y = -10 + 17. Suppose 217 - 1177 = -48*d. Calculate the remainder when d is divided by y.
6
Let g = 26 - 9. What is the remainder when g is divided by 88/14 + 4/(-14)?
5
Let f = 8 + -10. What is the remainder when (-6)/9 + (-71)/(-3) is divided by (-17)/f - 1/2?
7
Suppose -2*o = -3*x + 134, 4*x + o - 212 = -3*o. What is the remainder when x is divided by 13?
9
Let o(n) = 4*n - n**3 + 1 + 0*n**3 + 3*n**2 + 6*n**2 - 5*n**2. What is the remainder when o(4) is divided by 10?
7
Let i(h) = -8*h + 14. What is the remainder when 52 is divided by i(-2)?
22
Let s = 46 - 29. What is the remainder when 32 is divided by s?
15
Let s = -48 - -56. Calculate the remainder when 10 is divided by s.
2
Suppose -192 = -4*x - 0*x. Suppose -4*c = -8, -5*t - 4*c + x + 125 = 0. Calculate the remainder when t is divided by 9.
6
Let s(q) be the first derivative of q**4/4 - 4*q**3 - 11*q**2/2 - 14*q - 6. Calculate the remainder when s(13) is divided by 5.
2
Suppose 0 = 4*f - 71 - 5. Suppose -j - j + 5*x + f = 0, 5*j - x = 82. Let y = 15 + -9. Calculate the remainder when j is divided by y.
5
Let z = 58 + -35. Calculate the remainder when z is divided by 8.
7
Let s = -52 - -91. What is the remainder when s is divided by 10?
9
Suppose -q + 8 - 2 = 0. Let z(a) = 6*a - 2. Let m(i) = 3*i + 114. Calculate the remainder when z(q) is divided by m(-35).
7
Suppose -95 = -7*s - 32. Calculate the remainder when 60 is divided by s.
6
Let s = -97 - -129. Calculate the remainder when 92 is divided by s.
28
Suppose -3*d - 52 = -7*d. Calculate the remainder when 23 is divided by d.
10
Let h = 106 + -53. What is the remainder when h is divided by 27?
26
Calculate the remainder when 15/30 - 293/(-2) is divided by 15.
12
Suppose 0 = 5*z + 21 - 171. Suppose 0*c - 5*c = 60. What is the remainder when 31 is divided by (2 + z/(-9))*c?
15
Let r = -3 - -7. Suppose -2*g - r*b + 46 = 0, -g + b - 1 = -21. Calculate the remainder when 40 is divided by g.
19
Let h be (-4 + 2 - -5) + -1. Suppose h*b + 8 = 28. Let q(v) = 10*v - 1. Calculate the remainder when q(2) is divided by b.
9
Let u = -25 + 40. Suppose 0*j + 99 = 3*j - 4*b, -75 = -3*j - 4*b. Calculate the remainder when j is divided by u.
14
Suppose 36 = 3*b + 12. Calculate the remainder when 22 is divided by b.
6
Suppose -2*a + 0 = 4. Let c = a + 4. Let s = -4 + 5. Calculate the remainder when c is divided by s.
0
Suppose -14 + 44 = 5*l. Suppose 2*o = l*o - 24. What is the remainder when 11 is divided by o?
5
Suppose 52 = 16*t - 12*t. Calculate the remainder when 50 is divided by t.
11
Let k(f) = f**3 - 2*f**2 + f - 1. What is the remainder when 41 is divided by k(3)?
8
Let l(w) = -2*w**2 + 24*w + 13. Calculate the remainder when l(11) is divided by 18.
17
Let f be (21/(-6))/(1/(-24)). Suppose c + 100 = 5*h + 6*c, -3*c = -5*h + f. What is the remainder when -6*1/(6/(-52)) is divided by h?
16
Suppose 0 = v + v + 92. Let k = v - -68. What is the remainder when k is divided by 8?
6
Let f(x) = -x**2 - 5*x - 6. Let c be f(-5). Let o(j) = j**2. Let h be o(c). Calculate the remainder when 1/1*(h - 1) is divided by 12.
11
Suppose 0 = -5*n - 25, -4*s + 2*n + 11 = -15. Suppose -3*f + z = -2*z - 21, 3*f + s*z = 56. Calculate the remainder when 23 is divided by f.
11
Let r be 6*10/4*-1. Let s = 29 + r. Suppose -5 = 12*p - 13*p. Calculate the remainder when s is divided by p.
4
Calculate the remainder when (3/(-2))/(-3 + 707/238) is divided by 14.
9
Suppose -211 = -18*i - 13. Calculate the remainder when 131 is divided by i.
10
Let o = 7 - 1. What is the remainder when 23 is divided by o?
5
Let k = -63 - -109. What is the remainder when k is divided by 12?
10
Suppose h + w + 2 = 0, -2*h + 4*w + 29 = h. What is the remainder when 7 is divided by h?
1
Suppose -5 = 3*k + 2*k. Let g = 3 + k. Suppose 196 = g*o + 2*o. Calculate the remainder when o is divided by 17.
15
Let q = 8 + -6. Suppose 0 = -3*v + 49 + q. Suppose -4*l + h - 3*